 16*b**2 + 0 + 3/8*b**4 - 1/2*b**3 + 0*b + 9/20*b**5. Is a(7) composite?
True
Let d(j) = -53*j - 4. Let y(w) = 109*w + 9. Let n(v) = -9*d(v) - 4*y(v). Suppose 2*s = 8 - 4. Is n(s) composite?
True
Suppose -8*b - 138 = -5*b. Let s = b + 48. Suppose -s*q = -4*q + 1094. Is q composite?
False
Suppose 74*c - 134*c - 994891 = -77*c. Is c a composite number?
True
Let n(w) = 21265*w + 1129. Is n(6) prime?
False
Let l be 2/(-7) - 50/(-175). Suppose 4*y + 2*w - 4320 = l, -w - w = y - 1077. Is y a prime number?
False
Let x(h) = 9*h - 10*h + 2*h - 32 - 29*h. Let q be x(-16). Suppose q = 4*c - 1076. Is c a composite number?
False
Let q be ((2/3)/(-1))/((-19)/124602). Let i = -1167 + q. Is i composite?
True
Let s = 220481 + -82470. Is s a composite number?
True
Suppose 0 = -3*j + 59 + 2548. Let t = 4710 + j. Is t a prime number?
False
Let b = 10 - 8. Let p(x) = -11*x + 2*x**3 + 4*x - 3*x**3 + 13 + 15*x**b. Is p(10) composite?
False
Let h be (252/22)/3 - 2/(-11). Suppose 9*z + 5*d + 3715 = h*z, 0 = z + 5*d + 751. Is (2/3)/((-5)/(-15)) - z composite?
False
Let r(i) be the first derivative of -7*i**4/4 - i**3 - i**2 + i - 2. Suppose -9 = -3*o, 4*b + 3*o + 6 = 7. Is r(b) a prime number?
False
Let w = 131784 - 23441. Is w a composite number?
False
Suppose 157 = 3*y - 4*a, 2*y - 4*a - 48 - 62 = 0. Let z = 39 - y. Is (2/z)/(9/(-16812)) a composite number?
False
Let z = -1501 + 819. Let n = -129 - z. Is n a composite number?
True
Let d(i) = -i**2 + 15*i + 10. Let g be d(11). Suppose 4*o - 76 = -4*n, -2*o + 69 = 2*o - 3*n. Is (-4)/o + 10002/g a prime number?
False
Suppose -2*j - 3 = y, -7*j = 3*y - 3*j + 1. Suppose y*l + 0*l - 265 = 0. Suppose -3*b + 326 - l = 0. Is b a prime number?
False
Let v(c) = 24*c**3 - 178*c**2 - 64*c + 7. Is v(24) composite?
False
Let d(j) = -4*j**2 - 16*j + 4. Let r be d(-4). Is r/48 + (-306525)/(-180) composite?
True
Let g be (-25)/(-4) - 17/68. Suppose -18996 = -g*j - 3558. Suppose 3*u - m = 2575, 2*m + j = 3*u - 0*u. Is u prime?
True
Suppose -12630 = 5*a + 5*p, -4*a - p - 12311 = -2219. Let r = a - -4461. Is r a prime number?
False
Suppose -5*t + 2*g + 122 = 0, 4*g + 26 = -4*t + 146. Suppose 14170 = 4*n + 2*h, t*n - 28*n = -h - 7095. Is n a composite number?
True
Suppose 4*j + 48 = -52. Let v = j - -25. Suppose 0 = -4*x + 3*i + 1502, v = -x + i + 118 + 257. Is x a prime number?
False
Let p be 1 - ((-343)/5 + 6/(-15)). Let s = 63 - p. Let h(a) = -167*a - 10. Is h(s) a composite number?
True
Is (-21)/(-28) + 19883175/156 composite?
True
Let n be (-2 - 21/(-12)) + 5548/(-16). Let p = n - 844. Let s = -632 - p. Is s prime?
False
Is (167295 - -144)*-3*(-3)/9 a prime number?
False
Let k = -89 - -79. Is k/(-2) - 36309/(-13) a composite number?
True
Let q(f) = -f - 13. Let u be q(-14). Let i(t) = 2*t**2 + 2*t - 1. Let v be i(u). Suppose -5*r + 4*r - 5*k + 170 = 0, -v*k = -15. Is r a prime number?
False
Let r(y) = 37*y**2 - 57*y + 37. Let q(h) = -h**3 - 10*h**2 - 8*h - 8. Let z be q(-9). Is r(z) composite?
False
Suppose 3 = 7*u - 18. Suppose 0 = 2*a + 2*x - 648, 2*a = -u*x + 372 + 279. Is a composite?
True
Let w(f) be the third derivative of -4*f**4/3 + 31*f**3/6 + 81*f**2. Is w(-3) prime?
True
Let a(b) = -b**2 - 18*b - 56. Let w be a(-14). Suppose -8*i = -x - 3*i - 6848, -3*x + 2*i - 20596 = w. Is (0 + (-8)/(-2))*x/(-136) a composite number?
True
Suppose 8 = -2*y, 4*y + 3890 + 1958 = -4*x. Let z = 2612 + x. Is z prime?
False
Let k be -1*(0 + -20779) - 0. Suppose -15 = -3*r - 6, 0 = 2*j + 2*r - 12. Suppose -14*t + j*t = -k. Is t prime?
True
Let w be 31 - -15580 - (-2 - -4). Let c = w + -2920. Is c prime?
True
Let o = 37 + -33. Let m be 3 - (o - -2) - (-6)/2. Suppose 3*p - 263 = -4*q + 788, -3*p + 3*q + 1065 = m. Is p prime?
True
Suppose 2*r - 1222 = -5*d + 3*d, 5*r + 3045 = 5*d. Let z = d + -181. Let w = 158 + z. Is w a prime number?
True
Suppose -z = -3624 + 869. Suppose d + 71 = -a - 484, a = -5*d - z. Let y = -131 - d. Is y a prime number?
True
Suppose 72 = -2*i - 7*i. Let b(a) = -184*a + 81. Is b(i) composite?
False
Suppose -m = 4*c - 41331, 5*c - 41346 = -m + 6*c. Is m a prime number?
False
Suppose -2*f - 18003 = -2*w + 251473, 0 = -3*w + 4*f + 404215. Is w a prime number?
False
Suppose -j + 3*g - 3 = 4*g, -j + 2*g = -12. Suppose 0 = -5*i + 4*n - 11148, -3*i + j*n - 6686 = n. Is (-2)/(-6) - i/3 composite?
False
Suppose -24*b + 25*b - 3 = 0. Suppose -9*r + 6651 = -8*r - 5*v, -33299 = -5*r + b*v. Is r prime?
True
Let n(z) = 41*z**2 - z - 171. Suppose 3*a + 2*q - 83 = 0, -3*a - 14 + 85 = -q. Is n(a) a prime number?
False
Suppose -5 = 5*s, 4*f + 2658*s = 2657*s + 165447. Is f composite?
True
Let g = -91350 + 155567. Is g composite?
False
Let d(a) = -5*a**2 + 88*a + 57. Let p be d(18). Let r(o) = o**3 - 14*o**2 + 20*o + 96. Is r(p) a composite number?
True
Let o(g) = -1 - 367*g**2 + 124*g**2 + 121*g**2 + 127*g**2 - 627*g**3. Is o(-1) a composite number?
False
Suppose -7*k = -11*k + 16. Suppose 0*s - 2*z = k*s - 52370, -s + 13094 = -z. Is s a composite number?
False
Suppose -2173*m + 15604 = -2169*m. Is m a prime number?
False
Let k(l) = 2*l**2 - 17*l - 7. Let q be k(9). Suppose -1039 = -q*b + 6063. Is b prime?
False
Let s(c) = 261538*c**3 - 3*c**2 + 433*c - 430. Is s(1) a composite number?
True
Let j = -102 - -166. Is 128/j + (-2)/((-4)/8610) a prime number?
False
Let c(s) = -355*s + 15. Let r be c(1). Let a = r - -1821. Is a a composite number?
False
Let k(w) = -31*w - 32. Let v be (27/(-18))/(1/6). Is k(v) a composite number?
True
Let h = 303391 + -129429. Suppose 20*y = h - 3782. Is y a prime number?
False
Suppose 147466 = -10*a + 813786. Suppose 4*b + 4*b = a. Is b a prime number?
True
Suppose -4*b = -3*m - 20725, -4*b = -135*m + 137*m - 20710. Suppose b = 4*i - 3*w, 4*i + 4*w - 885 = 4259. Is i a prime number?
True
Let b = 749 - 532. Let c = 1689 + -1963. Let a = b - c. Is a a prime number?
True
Suppose -52*r + 28798055 = 13*r. Is r composite?
True
Is 1/(3503745/(-19272715) + 4/22) a prime number?
False
Let j be -18*-3*2/18. Suppose 2 = 7*s - j*s. Suppose 3*o + l = -3*l + 189, 5*l = -s*o + 119. Is o prime?
True
Let d = 1748259 + -755308. Is d composite?
True
Suppose -5 = -f, -9*f = 2*a - 10*f - 182877. Is a a composite number?
True
Is 2*2/(-16) + (-20)/(-320)*465428 a prime number?
False
Is (135137/(-2) + -1)*(-118 + 116) a composite number?
True
Suppose -884190 = 4*l - 34*l. Is l composite?
False
Suppose 67080 = 5*k + 4*g, -g - g = -2*k + 26814. Is 3 - 0 - k/(-7) prime?
False
Let c be -2 - (2/(-8) + (-9830)/40). Let v be c/(15/7 + -2). Suppose v + 2373 = 3*s + k, 2*k = 4*s - 5448. Is s composite?
False
Let w(s) = s**3 - 4*s**2 - 15*s + 3. Let f(j) = -2*j**2 - 7*j + 2. Let z(y) = -5*f(y) + 2*w(y). Let t be 30 - 28 - (-3 + 0). Is z(t) composite?
True
Let u(y) = 4 + y**3 + 8 + 0 - 2 - 4*y - 6*y**2. Let h(j) = 7*j**2 + j - 1. Let b be h(1). Is u(b) composite?
False
Suppose -94331 = x + 4*x - 744676. Is x composite?
False
Suppose i + 4*d - 193 = 1568, 3*i + d - 5228 = 0. Is i a prime number?
True
Let o(t) = 4*t**2 - 14*t + 4. Let d be o(3). Let a(c) = 1685*c**2 + c - 7. Is a(d) composite?
True
Let s(c) = c**3 - 2*c + 495. Let l be s(0). Let x = l + -201. Suppose 5*v + 4*j - 71 = 662, -2*v + x = 2*j. Is v a composite number?
True
Suppose 3*p = -2*m + 48385, 92*p + 32248 = 94*p - 3*m. Is p a prime number?
True
Let s be 2 - 5162/4 - (-15)/10. Suppose 5*f - 2*q = 21068, 3 = 4*q - q. Let d = s + f. Is d a prime number?
True
Let h(m) = 4*m**3 - 28*m**2 + 36*m - 265. Is h(12) a composite number?
True
Is (-1908315)/(-25) + 1 + (-3)/5 a composite number?
False
Suppose x + 18722 + 882 = 2*d, -2*d + 19612 = 3*x. Is d composite?
False
Suppose 24 = 2*i - 3*w, -26 = -5*i - 0*w - w. Let f(u) = -u + 9*u**2 - 2*u + 0 + 1 - i. Is f(-14) a composite number?
False
Suppose -q = o - 1920, 0 = 4*q + o - 3*o - 7650. Suppose -3*l + 951 = -2*y + 170, -5*y - q = 5*l. Let t = y + 640. Is t prime?
False
Let z(m) = 5812*m - 167. Is z(9) prime?
False
Let u = -22949 - -286556. Is u a composite number?
True
Let t = 46394 - 17526. Suppose 0 = -3*h + 2*w + 86609, w = -2*h + 3*h - t. Is h a prime number?
False
Let l = -201 - -207. Is -26*(1505/(-14) - l) prime?
False
Suppose 0 = 2*u - 6*y + 8*y + 6070, 3*y = 5*u + 15151. Let b = -1881 - u. Is b prime?
True
Is (-2)/4*31298482/